{"id":1445,"date":"2025-03-26T16:08:51","date_gmt":"2025-03-26T19:08:51","guid":{"rendered":"https:\/\/tanolink.com.br\/hpack\/?post_type=product&#038;p=1445"},"modified":"2026-04-23T17:08:49","modified_gmt":"2026-04-23T20:08:49","slug":"frasco-pead-1-litro-rosa-cod-288","status":"publish","type":"product","link":"https:\/\/hpack.com.br\/loja\/produto\/frasco-pead-1-litro-rosa-cod-288\/","title":{"rendered":"Frasco pead 1l rosa &#8211; c\u00f3d. 288"},"content":{"rendered":"<p><strong>Frasco 1 litro pead rosa \u2013 Ideal para alvejante sem cloro<\/strong><\/p>\n<p>O\u00a0<strong>Frasco 1 litro pead rosa <\/strong>\u00e9 ideal para o envase de produtos de limpeza como alvejante sem cloro. Com seu bocal de 28mm proporciona um fechamento seguro e facilita o processo de envase, oferece resist\u00eancia e durabilidade, tornando-se a escolha perfeita para empresas que buscam um frasco funcional e de alta qualidade.<\/p>\n<p><strong>Especifica\u00e7\u00f5es do produto:<\/strong><\/p>\n<ul>\n<li><strong>Capacidade:<\/strong>\u00a01 litro<\/li>\n<li><strong>Peso:<\/strong>\u00a042 gramas<\/li>\n<li><strong>Bocal:<\/strong>\u00a028mm<\/li>\n<li><strong>Pedido m\u00ednimo:<\/strong>\u00a0100 unidades<\/li>\n<\/ul>\n","protected":false},"excerpt":{"rendered":"<ul>\n<li><strong>Frasco:\u00a0<\/strong>Valor unit\u00e1rio: R$ 1,60<\/li>\n<li><strong>Tampa:\u00a0<\/strong>Valor unit\u00e1rio: R$ 0,20<\/li>\n<li><strong>Bocal:\u00a0<\/strong>28 mm<\/li>\n<li><strong>Pedido m\u00ednimo:<\/strong>\u00a0100 unidades<\/li>\n<\/ul>\n","protected":false},"featured_media":1492,"template":"","meta":{"_acf_changed":false},"product_brand":[358],"product_cat":[47],"product_tag":[103,397,400,394,94,373,396,392,401,399,105,393,398,395,391,91,102,96],"class_list":{"0":"post-1445","1":"product","2":"type-product","3":"status-publish","4":"has-post-thumbnail","6":"product_brand-hpack-embalagens-plasticas","7":"product_cat-limpeza","8":"product_tag-alcas","9":"product_tag-embalagem-colorida-para-saneantes","10":"product_tag-embalagem-higienica-rosa","11":"product_tag-embalagem-para-limpeza-leve","12":"product_tag-embalagens","13":"product_tag-frasco-bocal-28mm","14":"product_tag-frasco-de-2-litros-rosa","15":"product_tag-frasco-para-alvejante-sem-cloro","16":"product_tag-frasco-para-industrias-de-limpeza","17":"product_tag-frasco-para-produtos-quimicos","18":"product_tag-frasco-pead","19":"product_tag-frasco-pead-rosa","20":"product_tag-frasco-plastico-rosa","21":"product_tag-frasco-resistente-para-quimicos","22":"product_tag-frasco-rosa","23":"product_tag-hpack","24":"product_tag-industria-de-embalagens-pets","25":"product_tag-vera-cruz","27":"first","28":"instock","29":"shipping-taxable","30":"purchasable","31":"product-type-variable"},"acf":[],"yoast_head":"<!-- This site is optimized with the Yoast SEO plugin v27.4 - https:\/\/yoast.com\/product\/yoast-seo-wordpress\/ -->\n<title>Frasco PEAD Rosa - para Alvejantes s\/ Cloro - Produtos de Limpeza<\/title>\n<meta name=\"description\" content=\"Frasco em PEAD rosa, ideal para alvejante sem cloro. Resistente e seguro para produtos qu\u00edmicos. Destaque sua marca com visual atrativo e veda\u00e7\u00e3o eficiente.\" \/>\n<meta name=\"robots\" content=\"index, follow, max-snippet:-1, max-image-preview:large, max-video-preview:-1\" \/>\n<link rel=\"canonical\" href=\"https:\/\/hpack.com.br\/loja\/produto\/frasco-pead-1-litro-rosa-cod-288\/\" \/>\n<meta property=\"og:locale\" content=\"pt_BR\" \/>\n<meta property=\"og:type\" content=\"article\" \/>\n<meta property=\"og:title\" content=\"Frasco PEAD Rosa - para Alvejantes s\/ Cloro - Produtos de Limpeza\" \/>\n<meta property=\"og:description\" content=\"Frasco em PEAD rosa, ideal para alvejante sem cloro. Resistente e seguro para produtos qu\u00edmicos. Destaque sua marca com visual atrativo e veda\u00e7\u00e3o eficiente.\" \/>\n<meta property=\"og:url\" content=\"https:\/\/hpack.com.br\/loja\/produto\/frasco-pead-1-litro-rosa-cod-288\/\" \/>\n<meta property=\"og:site_name\" content=\"Hpack - Fabrica de Frascos e Embalagens\" \/>\n<meta property=\"article:publisher\" content=\"https:\/\/www.facebook.com\/hpackveracruz\/\" \/>\n<meta property=\"article:modified_time\" content=\"2026-04-23T20:08:49+00:00\" \/>\n<meta property=\"og:image\" content=\"https:\/\/hpack.com.br\/loja\/wp-content\/uploads\/2025\/03\/Frasco-PEAD-1-litro-rosa-Cod-288.jpg\" \/>\n\t<meta property=\"og:image:width\" content=\"950\" \/>\n\t<meta property=\"og:image:height\" content=\"945\" \/>\n\t<meta property=\"og:image:type\" content=\"image\/jpeg\" \/>\n<meta name=\"twitter:card\" content=\"summary_large_image\" \/>\n<meta name=\"twitter:label1\" content=\"Est. tempo de leitura\" \/>\n\t<meta name=\"twitter:data1\" content=\"1 minuto\" \/>\n<script type=\"application\/ld+json\" class=\"yoast-schema-graph\">{\"@context\":\"https:\\\/\\\/schema.org\",\"@graph\":[{\"@type\":\"WebPage\",\"@id\":\"https:\\\/\\\/hpack.com.br\\\/loja\\\/produto\\\/frasco-pead-1-litro-rosa-cod-288\\\/\",\"url\":\"https:\\\/\\\/hpack.com.br\\\/loja\\\/produto\\\/frasco-pead-1-litro-rosa-cod-288\\\/\",\"name\":\"Frasco PEAD Rosa - para Alvejantes s\\\/ Cloro - Produtos de Limpeza\",\"isPartOf\":{\"@id\":\"https:\\\/\\\/hpack.com.br\\\/loja\\\/#website\"},\"primaryImageOfPage\":{\"@id\":\"https:\\\/\\\/hpack.com.br\\\/loja\\\/produto\\\/frasco-pead-1-litro-rosa-cod-288\\\/#primaryimage\"},\"image\":{\"@id\":\"https:\\\/\\\/hpack.com.br\\\/loja\\\/produto\\\/frasco-pead-1-litro-rosa-cod-288\\\/#primaryimage\"},\"thumbnailUrl\":\"https:\\\/\\\/hpack.com.br\\\/loja\\\/wp-content\\\/uploads\\\/2025\\\/03\\\/Frasco-PEAD-1-litro-rosa-Cod-288.jpg\",\"datePublished\":\"2025-03-26T19:08:51+00:00\",\"dateModified\":\"2026-04-23T20:08:49+00:00\",\"description\":\"Frasco em PEAD rosa, ideal para alvejante sem cloro. Resistente e seguro para produtos qu\u00edmicos. Destaque sua marca com visual atrativo e veda\u00e7\u00e3o eficiente.\",\"breadcrumb\":{\"@id\":\"https:\\\/\\\/hpack.com.br\\\/loja\\\/produto\\\/frasco-pead-1-litro-rosa-cod-288\\\/#breadcrumb\"},\"inLanguage\":\"pt-BR\",\"potentialAction\":[{\"@type\":\"ReadAction\",\"target\":[\"https:\\\/\\\/hpack.com.br\\\/loja\\\/produto\\\/frasco-pead-1-litro-rosa-cod-288\\\/\"]}]},{\"@type\":\"ImageObject\",\"inLanguage\":\"pt-BR\",\"@id\":\"https:\\\/\\\/hpack.com.br\\\/loja\\\/produto\\\/frasco-pead-1-litro-rosa-cod-288\\\/#primaryimage\",\"url\":\"https:\\\/\\\/hpack.com.br\\\/loja\\\/wp-content\\\/uploads\\\/2025\\\/03\\\/Frasco-PEAD-1-litro-rosa-Cod-288.jpg\",\"contentUrl\":\"https:\\\/\\\/hpack.com.br\\\/loja\\\/wp-content\\\/uploads\\\/2025\\\/03\\\/Frasco-PEAD-1-litro-rosa-Cod-288.jpg\",\"width\":950,\"height\":945},{\"@type\":\"BreadcrumbList\",\"@id\":\"https:\\\/\\\/hpack.com.br\\\/loja\\\/produto\\\/frasco-pead-1-litro-rosa-cod-288\\\/#breadcrumb\",\"itemListElement\":[{\"@type\":\"ListItem\",\"position\":1,\"name\":\"In\u00edcio\",\"item\":\"https:\\\/\\\/hpack.com.br\\\/loja\\\/\"},{\"@type\":\"ListItem\",\"position\":2,\"name\":\"Loja\",\"item\":\"https:\\\/\\\/hpack.com.br\\\/loja\\\/loja\\\/\"},{\"@type\":\"ListItem\",\"position\":3,\"name\":\"Frasco pead 1l rosa &#8211; c\u00f3d. 288\"}]},{\"@type\":\"WebSite\",\"@id\":\"https:\\\/\\\/hpack.com.br\\\/loja\\\/#website\",\"url\":\"https:\\\/\\\/hpack.com.br\\\/loja\\\/\",\"name\":\"Hpack\",\"description\":\"Ind\u00fastria e Com\u00e9rcio de Embalagens. Especializados na produ\u00e7\u00e3o de embalagens pl\u00e1sticas PET, PEAD e Frascos para setores de alimentos, cosm\u00e9ticos e farmac\u00eauticos, Agro. Oferecemos solu\u00e7\u00f5es em embalagens pl\u00e1sticas para bebidas, produtos qu\u00edmicos, agr\u00edcolas e mais. Sede em Vera Cruz RS - Vendas para todo o Brasil\",\"publisher\":{\"@id\":\"https:\\\/\\\/hpack.com.br\\\/loja\\\/#organization\"},\"potentialAction\":[{\"@type\":\"SearchAction\",\"target\":{\"@type\":\"EntryPoint\",\"urlTemplate\":\"https:\\\/\\\/hpack.com.br\\\/loja\\\/?s={search_term_string}\"},\"query-input\":{\"@type\":\"PropertyValueSpecification\",\"valueRequired\":true,\"valueName\":\"search_term_string\"}}],\"inLanguage\":\"pt-BR\"},{\"@type\":\"Organization\",\"@id\":\"https:\\\/\\\/hpack.com.br\\\/loja\\\/#organization\",\"name\":\"HPACK IND\u00daSTRIA E COMERCIO DE EMBALAGENS\",\"url\":\"https:\\\/\\\/hpack.com.br\\\/loja\\\/\",\"logo\":{\"@type\":\"ImageObject\",\"inLanguage\":\"pt-BR\",\"@id\":\"https:\\\/\\\/hpack.com.br\\\/loja\\\/#\\\/schema\\\/logo\\\/image\\\/\",\"url\":\"https:\\\/\\\/hpack.com.br\\\/loja\\\/wp-content\\\/uploads\\\/2025\\\/03\\\/Hpack_logo.png\",\"contentUrl\":\"https:\\\/\\\/hpack.com.br\\\/loja\\\/wp-content\\\/uploads\\\/2025\\\/03\\\/Hpack_logo.png\",\"width\":220,\"height\":100,\"caption\":\"HPACK IND\u00daSTRIA E COMERCIO DE EMBALAGENS\"},\"image\":{\"@id\":\"https:\\\/\\\/hpack.com.br\\\/loja\\\/#\\\/schema\\\/logo\\\/image\\\/\"},\"sameAs\":[\"https:\\\/\\\/www.facebook.com\\\/hpackveracruz\\\/\",\"https:\\\/\\\/www.instagram.com\\\/hpack_veracruz\\\/\",\"https:\\\/\\\/br.linkedin.com\\\/company\\\/hpackembalagens\"]}]}<\/script>\n<!-- \/ Yoast SEO plugin. -->","yoast_head_json":{"title":"Frasco PEAD Rosa - para Alvejantes s\/ Cloro - Produtos de Limpeza","description":"Frasco em PEAD rosa, ideal para alvejante sem cloro. Resistente e seguro para produtos qu\u00edmicos. Destaque sua marca com visual atrativo e veda\u00e7\u00e3o eficiente.","robots":{"index":"index","follow":"follow","max-snippet":"max-snippet:-1","max-image-preview":"max-image-preview:large","max-video-preview":"max-video-preview:-1"},"canonical":"https:\/\/hpack.com.br\/loja\/produto\/frasco-pead-1-litro-rosa-cod-288\/","og_locale":"pt_BR","og_type":"article","og_title":"Frasco PEAD Rosa - para Alvejantes s\/ Cloro - Produtos de Limpeza","og_description":"Frasco em PEAD rosa, ideal para alvejante sem cloro. Resistente e seguro para produtos qu\u00edmicos. Destaque sua marca com visual atrativo e veda\u00e7\u00e3o eficiente.","og_url":"https:\/\/hpack.com.br\/loja\/produto\/frasco-pead-1-litro-rosa-cod-288\/","og_site_name":"Hpack - Fabrica de Frascos e Embalagens","article_publisher":"https:\/\/www.facebook.com\/hpackveracruz\/","article_modified_time":"2026-04-23T20:08:49+00:00","og_image":[{"width":950,"height":945,"url":"https:\/\/hpack.com.br\/loja\/wp-content\/uploads\/2025\/03\/Frasco-PEAD-1-litro-rosa-Cod-288.jpg","type":"image\/jpeg"}],"twitter_card":"summary_large_image","twitter_misc":{"Est. tempo de leitura":"1 minuto"},"schema":{"@context":"https:\/\/schema.org","@graph":[{"@type":"WebPage","@id":"https:\/\/hpack.com.br\/loja\/produto\/frasco-pead-1-litro-rosa-cod-288\/","url":"https:\/\/hpack.com.br\/loja\/produto\/frasco-pead-1-litro-rosa-cod-288\/","name":"Frasco PEAD Rosa - para Alvejantes s\/ Cloro - Produtos de Limpeza","isPartOf":{"@id":"https:\/\/hpack.com.br\/loja\/#website"},"primaryImageOfPage":{"@id":"https:\/\/hpack.com.br\/loja\/produto\/frasco-pead-1-litro-rosa-cod-288\/#primaryimage"},"image":{"@id":"https:\/\/hpack.com.br\/loja\/produto\/frasco-pead-1-litro-rosa-cod-288\/#primaryimage"},"thumbnailUrl":"https:\/\/hpack.com.br\/loja\/wp-content\/uploads\/2025\/03\/Frasco-PEAD-1-litro-rosa-Cod-288.jpg","datePublished":"2025-03-26T19:08:51+00:00","dateModified":"2026-04-23T20:08:49+00:00","description":"Frasco em PEAD rosa, ideal para alvejante sem cloro. Resistente e seguro para produtos qu\u00edmicos. Destaque sua marca com visual atrativo e veda\u00e7\u00e3o eficiente.","breadcrumb":{"@id":"https:\/\/hpack.com.br\/loja\/produto\/frasco-pead-1-litro-rosa-cod-288\/#breadcrumb"},"inLanguage":"pt-BR","potentialAction":[{"@type":"ReadAction","target":["https:\/\/hpack.com.br\/loja\/produto\/frasco-pead-1-litro-rosa-cod-288\/"]}]},{"@type":"ImageObject","inLanguage":"pt-BR","@id":"https:\/\/hpack.com.br\/loja\/produto\/frasco-pead-1-litro-rosa-cod-288\/#primaryimage","url":"https:\/\/hpack.com.br\/loja\/wp-content\/uploads\/2025\/03\/Frasco-PEAD-1-litro-rosa-Cod-288.jpg","contentUrl":"https:\/\/hpack.com.br\/loja\/wp-content\/uploads\/2025\/03\/Frasco-PEAD-1-litro-rosa-Cod-288.jpg","width":950,"height":945},{"@type":"BreadcrumbList","@id":"https:\/\/hpack.com.br\/loja\/produto\/frasco-pead-1-litro-rosa-cod-288\/#breadcrumb","itemListElement":[{"@type":"ListItem","position":1,"name":"In\u00edcio","item":"https:\/\/hpack.com.br\/loja\/"},{"@type":"ListItem","position":2,"name":"Loja","item":"https:\/\/hpack.com.br\/loja\/loja\/"},{"@type":"ListItem","position":3,"name":"Frasco pead 1l rosa &#8211; c\u00f3d. 288"}]},{"@type":"WebSite","@id":"https:\/\/hpack.com.br\/loja\/#website","url":"https:\/\/hpack.com.br\/loja\/","name":"Hpack","description":"Ind\u00fastria e Com\u00e9rcio de Embalagens. Especializados na produ\u00e7\u00e3o de embalagens pl\u00e1sticas PET, PEAD e Frascos para setores de alimentos, cosm\u00e9ticos e farmac\u00eauticos, Agro. Oferecemos solu\u00e7\u00f5es em embalagens pl\u00e1sticas para bebidas, produtos qu\u00edmicos, agr\u00edcolas e mais. Sede em Vera Cruz RS - Vendas para todo o Brasil","publisher":{"@id":"https:\/\/hpack.com.br\/loja\/#organization"},"potentialAction":[{"@type":"SearchAction","target":{"@type":"EntryPoint","urlTemplate":"https:\/\/hpack.com.br\/loja\/?s={search_term_string}"},"query-input":{"@type":"PropertyValueSpecification","valueRequired":true,"valueName":"search_term_string"}}],"inLanguage":"pt-BR"},{"@type":"Organization","@id":"https:\/\/hpack.com.br\/loja\/#organization","name":"HPACK IND\u00daSTRIA E COMERCIO DE EMBALAGENS","url":"https:\/\/hpack.com.br\/loja\/","logo":{"@type":"ImageObject","inLanguage":"pt-BR","@id":"https:\/\/hpack.com.br\/loja\/#\/schema\/logo\/image\/","url":"https:\/\/hpack.com.br\/loja\/wp-content\/uploads\/2025\/03\/Hpack_logo.png","contentUrl":"https:\/\/hpack.com.br\/loja\/wp-content\/uploads\/2025\/03\/Hpack_logo.png","width":220,"height":100,"caption":"HPACK IND\u00daSTRIA E COMERCIO DE EMBALAGENS"},"image":{"@id":"https:\/\/hpack.com.br\/loja\/#\/schema\/logo\/image\/"},"sameAs":["https:\/\/www.facebook.com\/hpackveracruz\/","https:\/\/www.instagram.com\/hpack_veracruz\/","https:\/\/br.linkedin.com\/company\/hpackembalagens"]}]}},"_links":{"self":[{"href":"https:\/\/hpack.com.br\/loja\/wp-json\/wp\/v2\/product\/1445","targetHints":{"allow":["GET"]}}],"collection":[{"href":"https:\/\/hpack.com.br\/loja\/wp-json\/wp\/v2\/product"}],"about":[{"href":"https:\/\/hpack.com.br\/loja\/wp-json\/wp\/v2\/types\/product"}],"version-history":[{"count":1,"href":"https:\/\/hpack.com.br\/loja\/wp-json\/wp\/v2\/product\/1445\/revisions"}],"predecessor-version":[{"id":6199,"href":"https:\/\/hpack.com.br\/loja\/wp-json\/wp\/v2\/product\/1445\/revisions\/6199"}],"wp:featuredmedia":[{"embeddable":true,"href":"https:\/\/hpack.com.br\/loja\/wp-json\/wp\/v2\/media\/1492"}],"wp:attachment":[{"href":"https:\/\/hpack.com.br\/loja\/wp-json\/wp\/v2\/media?parent=1445"}],"wp:term":[{"taxonomy":"product_brand","embeddable":true,"href":"https:\/\/hpack.com.br\/loja\/wp-json\/wp\/v2\/product_brand?post=1445"},{"taxonomy":"product_cat","embeddable":true,"href":"https:\/\/hpack.com.br\/loja\/wp-json\/wp\/v2\/product_cat?post=1445"},{"taxonomy":"product_tag","embeddable":true,"href":"https:\/\/hpack.com.br\/loja\/wp-json\/wp\/v2\/product_tag?post=1445"}],"curies":[{"name":"wp","href":"https:\/\/api.w.org\/{rel}","templated":true}]}}