{"id":5971,"date":"2025-08-12T13:53:09","date_gmt":"2025-08-12T16:53:09","guid":{"rendered":"https:\/\/hpack.com.br\/?post_type=product&#038;p=5971"},"modified":"2026-04-23T15:56:17","modified_gmt":"2026-04-23T18:56:17","slug":"frasco-300ml-pentaloide-cod-557","status":"publish","type":"product","link":"https:\/\/hpack.com.br\/loja\/produto\/frasco-300ml-pentaloide-cod-557\/","title":{"rendered":"Frasco 300ml pentaloide \u2013 c\u00f3d. 557"},"content":{"rendered":"<p><strong style=\"color: #1b1919;font-size: 22px\" data-start=\"188\" data-end=\"270\">Frasco 300ml pentaloide \u2013 Ideal para sucos, kombuchas e bebidas gaseificadas<\/strong><\/p>\n<div class=\"elementor-element elementor-element-a26067f elementor-widget elementor-widget-image\" data-id=\"a26067f\" data-element_type=\"widget\" data-widget_type=\"image.default\">\n<div class=\"elementor-widget-container\">\n<p style=\"text-align: left\" data-start=\"287\" data-end=\"630\">O F<strong data-start=\"335\" data-end=\"364\">rasco pentaloide 300 ml <\/strong>\u00e9 perfeito para o envase de bebidas artesanais como sucos naturais, kombucha e refrigerantes. Com design moderno e estrutura resistente, proporciona excelente veda\u00e7\u00e3o e valoriza\u00e7\u00e3o do conte\u00fado, oferecendo praticidade e uma \u00f3tima experi\u00eancia para o consumidor final.<\/p>\n<p style=\"text-align: left\" data-start=\"632\" data-end=\"800\">Fabricado em material leve e dur\u00e1vel, com bocal padr\u00e3o de 28mm, \u00e9 compat\u00edvel com tampas seguras, evitando vazamentos e conservando a qualidade da bebida por mais tempo.<\/p>\n<p style=\"text-align: left\" data-start=\"802\" data-end=\"832\"><strong data-start=\"805\" data-end=\"830\">Especifica\u00e7\u00f5es do produto:<\/strong><\/p>\n<ul style=\"text-align: left\">\n<li data-start=\"835\" data-end=\"863\"><strong data-start=\"838\" data-end=\"853\">Capacidade:<\/strong> 300 ml<\/li>\n<li data-start=\"835\" data-end=\"863\"><strong data-start=\"869\" data-end=\"878\">Peso:<\/strong> 19 gramas<\/li>\n<li data-start=\"835\" data-end=\"863\"><strong data-start=\"898\" data-end=\"908\">Bocal:<\/strong> 28mm<\/li>\n<li data-start=\"835\" data-end=\"863\"><strong data-start=\"953\" data-end=\"971\">Pedido m\u00ednimo:<\/strong> 180 unidades<\/li>\n<\/ul>\n<p style=\"text-align: left\" data-start=\"1003\" data-end=\"1026\"><strong data-start=\"1006\" data-end=\"1024\">Indicado para:<\/strong><\/p>\n<ul style=\"text-align: left\">\n<li data-start=\"1029\" data-end=\"1045\">Sucos naturais;<\/li>\n<li data-start=\"1029\" data-end=\"1045\">Kombucha artesanal;<\/li>\n<li data-start=\"1071\" data-end=\"1105\">Bebidas gaseificadas e fermentadas.<\/li>\n<\/ul>\n<p style=\"text-align: left\" data-start=\"1107\" data-end=\"1193\"><strong data-start=\"1110\" data-end=\"1193\">Eleve o padr\u00e3o do seu produto com uma embalagem resistente, pr\u00e1tica e atrativa!<\/strong><\/p>\n<\/div>\n<\/div>\n","protected":false},"excerpt":{"rendered":"<ul>\n<li><strong>Frasco:\u00a0<\/strong>Valor unit\u00e1rio: R$ 0,95<\/li>\n<li><strong>Tampa:\u00a0<\/strong>Valor unit\u00e1rio: R$ 0,20<\/li>\n<li><strong>Bocal:<\/strong> 28 mm<\/li>\n<li><strong>Pedido m\u00ednimo:<\/strong> 180 unidades<\/li>\n<\/ul>\n","protected":false},"featured_media":5981,"template":"","meta":{"_acf_changed":false},"product_brand":[],"product_cat":[27],"product_tag":[],"class_list":{"0":"post-5971","1":"product","2":"type-product","3":"status-publish","4":"has-post-thumbnail","6":"product_cat-kombucha","8":"first","9":"instock","10":"shipping-taxable","11":"purchasable","12":"product-type-variable"},"acf":[],"yoast_head":"<!-- This site is optimized with the Yoast SEO plugin v27.4 - https:\/\/yoast.com\/product\/yoast-seo-wordpress\/ -->\n<title>Frasco 300ml pentaloide \u2013 c\u00f3d. 557 - Hpack - Fabrica de Frascos e Embalagens<\/title>\n<meta name=\"robots\" content=\"index, follow, max-snippet:-1, max-image-preview:large, max-video-preview:-1\" \/>\n<link rel=\"canonical\" href=\"https:\/\/hpack.com.br\/loja\/produto\/frasco-300ml-pentaloide-cod-557\/\" \/>\n<meta property=\"og:locale\" content=\"pt_BR\" \/>\n<meta property=\"og:type\" content=\"article\" \/>\n<meta property=\"og:title\" content=\"Frasco 300ml pentaloide \u2013 c\u00f3d. 557 - Hpack - Fabrica de Frascos e Embalagens\" \/>\n<meta property=\"og:description\" content=\"Frasco:\u00a0Valor unit\u00e1rio: R$ 0,95  Tampa:\u00a0Valor unit\u00e1rio: R$ 0,20  Bocal: 28 mm  Pedido m\u00ednimo: 180 unidades\" \/>\n<meta property=\"og:url\" content=\"https:\/\/hpack.com.br\/loja\/produto\/frasco-300ml-pentaloide-cod-557\/\" \/>\n<meta property=\"og:site_name\" content=\"Hpack - Fabrica de Frascos e Embalagens\" \/>\n<meta property=\"article:publisher\" content=\"https:\/\/www.facebook.com\/hpackveracruz\/\" \/>\n<meta property=\"article:modified_time\" content=\"2026-04-23T18:56:17+00:00\" \/>\n<meta property=\"og:image\" content=\"https:\/\/hpack.com.br\/loja\/wp-content\/uploads\/2025\/08\/Screenshot_1.jpg\" \/>\n\t<meta property=\"og:image:width\" content=\"334\" \/>\n\t<meta property=\"og:image:height\" content=\"345\" \/>\n\t<meta property=\"og:image:type\" content=\"image\/jpeg\" \/>\n<meta name=\"twitter:card\" content=\"summary_large_image\" \/>\n<meta name=\"twitter:label1\" content=\"Est. tempo de leitura\" \/>\n\t<meta name=\"twitter:data1\" content=\"1 minuto\" \/>\n<script type=\"application\/ld+json\" class=\"yoast-schema-graph\">{\"@context\":\"https:\\\/\\\/schema.org\",\"@graph\":[{\"@type\":\"WebPage\",\"@id\":\"https:\\\/\\\/hpack.com.br\\\/loja\\\/produto\\\/frasco-300ml-pentaloide-cod-557\\\/\",\"url\":\"https:\\\/\\\/hpack.com.br\\\/loja\\\/produto\\\/frasco-300ml-pentaloide-cod-557\\\/\",\"name\":\"Frasco 300ml pentaloide \u2013 c\u00f3d. 557 - Hpack - Fabrica de Frascos e Embalagens\",\"isPartOf\":{\"@id\":\"https:\\\/\\\/hpack.com.br\\\/loja\\\/#website\"},\"primaryImageOfPage\":{\"@id\":\"https:\\\/\\\/hpack.com.br\\\/loja\\\/produto\\\/frasco-300ml-pentaloide-cod-557\\\/#primaryimage\"},\"image\":{\"@id\":\"https:\\\/\\\/hpack.com.br\\\/loja\\\/produto\\\/frasco-300ml-pentaloide-cod-557\\\/#primaryimage\"},\"thumbnailUrl\":\"https:\\\/\\\/hpack.com.br\\\/loja\\\/wp-content\\\/uploads\\\/2025\\\/08\\\/Screenshot_1.jpg\",\"datePublished\":\"2025-08-12T16:53:09+00:00\",\"dateModified\":\"2026-04-23T18:56:17+00:00\",\"breadcrumb\":{\"@id\":\"https:\\\/\\\/hpack.com.br\\\/loja\\\/produto\\\/frasco-300ml-pentaloide-cod-557\\\/#breadcrumb\"},\"inLanguage\":\"pt-BR\",\"potentialAction\":[{\"@type\":\"ReadAction\",\"target\":[\"https:\\\/\\\/hpack.com.br\\\/loja\\\/produto\\\/frasco-300ml-pentaloide-cod-557\\\/\"]}]},{\"@type\":\"ImageObject\",\"inLanguage\":\"pt-BR\",\"@id\":\"https:\\\/\\\/hpack.com.br\\\/loja\\\/produto\\\/frasco-300ml-pentaloide-cod-557\\\/#primaryimage\",\"url\":\"https:\\\/\\\/hpack.com.br\\\/loja\\\/wp-content\\\/uploads\\\/2025\\\/08\\\/Screenshot_1.jpg\",\"contentUrl\":\"https:\\\/\\\/hpack.com.br\\\/loja\\\/wp-content\\\/uploads\\\/2025\\\/08\\\/Screenshot_1.jpg\",\"width\":334,\"height\":345},{\"@type\":\"BreadcrumbList\",\"@id\":\"https:\\\/\\\/hpack.com.br\\\/loja\\\/produto\\\/frasco-300ml-pentaloide-cod-557\\\/#breadcrumb\",\"itemListElement\":[{\"@type\":\"ListItem\",\"position\":1,\"name\":\"In\u00edcio\",\"item\":\"https:\\\/\\\/hpack.com.br\\\/loja\\\/\"},{\"@type\":\"ListItem\",\"position\":2,\"name\":\"Loja\",\"item\":\"https:\\\/\\\/hpack.com.br\\\/loja\\\/loja\\\/\"},{\"@type\":\"ListItem\",\"position\":3,\"name\":\"Frasco 300ml pentaloide \u2013 c\u00f3d. 557\"}]},{\"@type\":\"WebSite\",\"@id\":\"https:\\\/\\\/hpack.com.br\\\/loja\\\/#website\",\"url\":\"https:\\\/\\\/hpack.com.br\\\/loja\\\/\",\"name\":\"Hpack\",\"description\":\"Ind\u00fastria e Com\u00e9rcio de Embalagens. Especializados na produ\u00e7\u00e3o de embalagens pl\u00e1sticas PET, PEAD e Frascos para setores de alimentos, cosm\u00e9ticos e farmac\u00eauticos, Agro. Oferecemos solu\u00e7\u00f5es em embalagens pl\u00e1sticas para bebidas, produtos qu\u00edmicos, agr\u00edcolas e mais. Sede em Vera Cruz RS - Vendas para todo o Brasil\",\"publisher\":{\"@id\":\"https:\\\/\\\/hpack.com.br\\\/loja\\\/#organization\"},\"potentialAction\":[{\"@type\":\"SearchAction\",\"target\":{\"@type\":\"EntryPoint\",\"urlTemplate\":\"https:\\\/\\\/hpack.com.br\\\/loja\\\/?s={search_term_string}\"},\"query-input\":{\"@type\":\"PropertyValueSpecification\",\"valueRequired\":true,\"valueName\":\"search_term_string\"}}],\"inLanguage\":\"pt-BR\"},{\"@type\":\"Organization\",\"@id\":\"https:\\\/\\\/hpack.com.br\\\/loja\\\/#organization\",\"name\":\"HPACK IND\u00daSTRIA E COMERCIO DE EMBALAGENS\",\"url\":\"https:\\\/\\\/hpack.com.br\\\/loja\\\/\",\"logo\":{\"@type\":\"ImageObject\",\"inLanguage\":\"pt-BR\",\"@id\":\"https:\\\/\\\/hpack.com.br\\\/loja\\\/#\\\/schema\\\/logo\\\/image\\\/\",\"url\":\"https:\\\/\\\/hpack.com.br\\\/loja\\\/wp-content\\\/uploads\\\/2025\\\/03\\\/Hpack_logo.png\",\"contentUrl\":\"https:\\\/\\\/hpack.com.br\\\/loja\\\/wp-content\\\/uploads\\\/2025\\\/03\\\/Hpack_logo.png\",\"width\":220,\"height\":100,\"caption\":\"HPACK IND\u00daSTRIA E COMERCIO DE EMBALAGENS\"},\"image\":{\"@id\":\"https:\\\/\\\/hpack.com.br\\\/loja\\\/#\\\/schema\\\/logo\\\/image\\\/\"},\"sameAs\":[\"https:\\\/\\\/www.facebook.com\\\/hpackveracruz\\\/\",\"https:\\\/\\\/www.instagram.com\\\/hpack_veracruz\\\/\",\"https:\\\/\\\/br.linkedin.com\\\/company\\\/hpackembalagens\"]}]}<\/script>\n<!-- \/ Yoast SEO plugin. -->","yoast_head_json":{"title":"Frasco 300ml pentaloide \u2013 c\u00f3d. 557 - Hpack - Fabrica de Frascos e Embalagens","robots":{"index":"index","follow":"follow","max-snippet":"max-snippet:-1","max-image-preview":"max-image-preview:large","max-video-preview":"max-video-preview:-1"},"canonical":"https:\/\/hpack.com.br\/loja\/produto\/frasco-300ml-pentaloide-cod-557\/","og_locale":"pt_BR","og_type":"article","og_title":"Frasco 300ml pentaloide \u2013 c\u00f3d. 557 - Hpack - Fabrica de Frascos e Embalagens","og_description":"Frasco:\u00a0Valor unit\u00e1rio: R$ 0,95  Tampa:\u00a0Valor unit\u00e1rio: R$ 0,20  Bocal: 28 mm  Pedido m\u00ednimo: 180 unidades","og_url":"https:\/\/hpack.com.br\/loja\/produto\/frasco-300ml-pentaloide-cod-557\/","og_site_name":"Hpack - Fabrica de Frascos e Embalagens","article_publisher":"https:\/\/www.facebook.com\/hpackveracruz\/","article_modified_time":"2026-04-23T18:56:17+00:00","og_image":[{"width":334,"height":345,"url":"https:\/\/hpack.com.br\/loja\/wp-content\/uploads\/2025\/08\/Screenshot_1.jpg","type":"image\/jpeg"}],"twitter_card":"summary_large_image","twitter_misc":{"Est. tempo de leitura":"1 minuto"},"schema":{"@context":"https:\/\/schema.org","@graph":[{"@type":"WebPage","@id":"https:\/\/hpack.com.br\/loja\/produto\/frasco-300ml-pentaloide-cod-557\/","url":"https:\/\/hpack.com.br\/loja\/produto\/frasco-300ml-pentaloide-cod-557\/","name":"Frasco 300ml pentaloide \u2013 c\u00f3d. 557 - Hpack - Fabrica de Frascos e Embalagens","isPartOf":{"@id":"https:\/\/hpack.com.br\/loja\/#website"},"primaryImageOfPage":{"@id":"https:\/\/hpack.com.br\/loja\/produto\/frasco-300ml-pentaloide-cod-557\/#primaryimage"},"image":{"@id":"https:\/\/hpack.com.br\/loja\/produto\/frasco-300ml-pentaloide-cod-557\/#primaryimage"},"thumbnailUrl":"https:\/\/hpack.com.br\/loja\/wp-content\/uploads\/2025\/08\/Screenshot_1.jpg","datePublished":"2025-08-12T16:53:09+00:00","dateModified":"2026-04-23T18:56:17+00:00","breadcrumb":{"@id":"https:\/\/hpack.com.br\/loja\/produto\/frasco-300ml-pentaloide-cod-557\/#breadcrumb"},"inLanguage":"pt-BR","potentialAction":[{"@type":"ReadAction","target":["https:\/\/hpack.com.br\/loja\/produto\/frasco-300ml-pentaloide-cod-557\/"]}]},{"@type":"ImageObject","inLanguage":"pt-BR","@id":"https:\/\/hpack.com.br\/loja\/produto\/frasco-300ml-pentaloide-cod-557\/#primaryimage","url":"https:\/\/hpack.com.br\/loja\/wp-content\/uploads\/2025\/08\/Screenshot_1.jpg","contentUrl":"https:\/\/hpack.com.br\/loja\/wp-content\/uploads\/2025\/08\/Screenshot_1.jpg","width":334,"height":345},{"@type":"BreadcrumbList","@id":"https:\/\/hpack.com.br\/loja\/produto\/frasco-300ml-pentaloide-cod-557\/#breadcrumb","itemListElement":[{"@type":"ListItem","position":1,"name":"In\u00edcio","item":"https:\/\/hpack.com.br\/loja\/"},{"@type":"ListItem","position":2,"name":"Loja","item":"https:\/\/hpack.com.br\/loja\/loja\/"},{"@type":"ListItem","position":3,"name":"Frasco 300ml pentaloide \u2013 c\u00f3d. 557"}]},{"@type":"WebSite","@id":"https:\/\/hpack.com.br\/loja\/#website","url":"https:\/\/hpack.com.br\/loja\/","name":"Hpack","description":"Ind\u00fastria e Com\u00e9rcio de Embalagens. Especializados na produ\u00e7\u00e3o de embalagens pl\u00e1sticas PET, PEAD e Frascos para setores de alimentos, cosm\u00e9ticos e farmac\u00eauticos, Agro. Oferecemos solu\u00e7\u00f5es em embalagens pl\u00e1sticas para bebidas, produtos qu\u00edmicos, agr\u00edcolas e mais. Sede em Vera Cruz RS - Vendas para todo o Brasil","publisher":{"@id":"https:\/\/hpack.com.br\/loja\/#organization"},"potentialAction":[{"@type":"SearchAction","target":{"@type":"EntryPoint","urlTemplate":"https:\/\/hpack.com.br\/loja\/?s={search_term_string}"},"query-input":{"@type":"PropertyValueSpecification","valueRequired":true,"valueName":"search_term_string"}}],"inLanguage":"pt-BR"},{"@type":"Organization","@id":"https:\/\/hpack.com.br\/loja\/#organization","name":"HPACK IND\u00daSTRIA E COMERCIO DE EMBALAGENS","url":"https:\/\/hpack.com.br\/loja\/","logo":{"@type":"ImageObject","inLanguage":"pt-BR","@id":"https:\/\/hpack.com.br\/loja\/#\/schema\/logo\/image\/","url":"https:\/\/hpack.com.br\/loja\/wp-content\/uploads\/2025\/03\/Hpack_logo.png","contentUrl":"https:\/\/hpack.com.br\/loja\/wp-content\/uploads\/2025\/03\/Hpack_logo.png","width":220,"height":100,"caption":"HPACK IND\u00daSTRIA E COMERCIO DE EMBALAGENS"},"image":{"@id":"https:\/\/hpack.com.br\/loja\/#\/schema\/logo\/image\/"},"sameAs":["https:\/\/www.facebook.com\/hpackveracruz\/","https:\/\/www.instagram.com\/hpack_veracruz\/","https:\/\/br.linkedin.com\/company\/hpackembalagens"]}]}},"_links":{"self":[{"href":"https:\/\/hpack.com.br\/loja\/wp-json\/wp\/v2\/product\/5971","targetHints":{"allow":["GET"]}}],"collection":[{"href":"https:\/\/hpack.com.br\/loja\/wp-json\/wp\/v2\/product"}],"about":[{"href":"https:\/\/hpack.com.br\/loja\/wp-json\/wp\/v2\/types\/product"}],"version-history":[{"count":5,"href":"https:\/\/hpack.com.br\/loja\/wp-json\/wp\/v2\/product\/5971\/revisions"}],"predecessor-version":[{"id":6196,"href":"https:\/\/hpack.com.br\/loja\/wp-json\/wp\/v2\/product\/5971\/revisions\/6196"}],"wp:featuredmedia":[{"embeddable":true,"href":"https:\/\/hpack.com.br\/loja\/wp-json\/wp\/v2\/media\/5981"}],"wp:attachment":[{"href":"https:\/\/hpack.com.br\/loja\/wp-json\/wp\/v2\/media?parent=5971"}],"wp:term":[{"taxonomy":"product_brand","embeddable":true,"href":"https:\/\/hpack.com.br\/loja\/wp-json\/wp\/v2\/product_brand?post=5971"},{"taxonomy":"product_cat","embeddable":true,"href":"https:\/\/hpack.com.br\/loja\/wp-json\/wp\/v2\/product_cat?post=5971"},{"taxonomy":"product_tag","embeddable":true,"href":"https:\/\/hpack.com.br\/loja\/wp-json\/wp\/v2\/product_tag?post=5971"}],"curies":[{"name":"wp","href":"https:\/\/api.w.org\/{rel}","templated":true}]}}